e the prime factors of 607735603?
607735603
What are the prime factors of 383357001?
3, 61, 2094847
What are the prime factors of 136652986?
2, 3109, 21977
List the prime factors of 4437858996.
2, 3, 3203, 12829
What are the prime factors of 474992950?
2, 5, 1193, 7963
List the prime factors of 103916951.
103916951
List the prime factors of 2603777094.
2, 3, 769, 188107
List the prime factors of 333931422.
2, 3, 11, 19, 266293
List the prime factors of 3407618639.
29, 117504091
What are the prime factors of 5895521872?
2, 83, 97, 45767
What are the prime factors of 1704142942?
2, 41, 20782231
List the prime factors of 983287325.
5, 79, 497867
List the prime factors of 1110562723.
17, 59, 193, 5737
What are the prime factors of 74122475?
5, 7, 423557
List the prime factors of 1655631690.
2, 3, 5, 19, 127, 22871
List the prime factors of 2909641271.
5783, 503137
List the prime factors of 221692314.
2, 3, 2039, 18121
What are the prime factors of 36697044?
2, 3, 37, 82651
List the prime factors of 4243459.
11, 41, 97
What are the prime factors of 179301335?
5, 35860267
List the prime factors of 853509356.
2, 7, 30482477
List the prime factors of 52349403.
3, 23, 758687
What are the prime factors of 44060305?
5, 8812061
List the prime factors of 7728202939.
31, 249296869
List the prime factors of 52253017.
52253017
What are the prime factors of 54323250?
2, 3, 5, 72431
What are the prime factors of 53395909?
7, 19, 401473
List the prime factors of 28019385.
3, 5, 207551
What are the prime factors of 108565518?
2, 3, 53, 197, 1733
What are the prime factors of 1340119851?
3, 7, 967, 65993
List the prime factors of 846135052.
2, 7, 30219109
What are the prime factors of 80371980?
2, 3, 5, 13, 107
List the prime factors of 83710944.
2, 3, 290663
What are the prime factors of 1214852991?
3, 11, 36813727
List the prime factors of 120983774.
2, 3089, 19583
List the prime factors of 2207471.
7, 23, 13711
What are the prime factors of 565324710?
2, 3, 5, 18844157
What are the prime factors of 103783786?
2, 271, 419, 457
List the prime factors of 5487321.
3, 7, 261301
List the prime factors of 36646991.
19, 31, 62219
What are the prime factors of 350891590?
2, 5, 7, 29, 172853
List the prime factors of 3900027123.
3, 103, 643, 727
What are the prime factors of 1256578911?
3, 7, 19945697
List the prime factors of 1223411674.
2, 611705837
List the prime factors of 5733480743.
37, 154958939
List the prime factors of 959880083.
959880083
What are the prime factors of 57174995?
5, 17, 61, 11027
What are the prime factors of 873156472?
2, 257, 424687
List the prime factors of 15649524.
2, 3, 11, 4391
What are the prime factors of 792874699?
23, 34472813
What are the prime factors of 595888231?
31, 47, 79, 167
What are the prime factors of 293152810?
2, 5, 29315281
What are the prime factors of 1236715144?
2, 7, 41, 53, 10163
List the prime factors of 749139859.
13, 7481, 7703
What are the prime factors of 929119381?
9277, 100153
List the prime factors of 494489548.
2, 7, 17660341
What are the prime factors of 4997488850?
2, 5, 47, 233, 9127
What are the prime factors of 2801449?
7, 400207
List the prime factors of 8539879.
167, 51137
What are the prime factors of 3244912836?
2, 3, 11, 1097, 22409
List the prime factors of 78997244.
2, 107, 379, 487
List the prime factors of 170266073.
170266073
What are the prime factors of 2158739504?
2, 5417, 24907
List the prime factors of 2699439769.
13, 207649213
List the prime factors of 62619712.
2, 53, 18461
List the prime factors of 108248439.
3, 13, 383, 7247
List the prime factors of 23333551.
41, 569111
List the prime factors of 1199312576.
2, 7, 11, 243367
List the prime factors of 85076906.
2, 42538453
List the prime factors of 2839182707.
947, 2998081
List the prime factors of 1388229133.
71, 307, 63689
List the prime factors of 762478354.
2, 11, 239, 13183
List the prime factors of 35235980.
2, 5, 13, 59, 2297
What are the prime factors of 5465777902?
2, 13, 43, 4888889
What are the prime factors of 634951798?
2, 13, 3877, 6299
List the prime factors of 20628863.
41, 43, 11701
List the prime factors of 132445592.
2, 23, 719813
What are the prime factors of 4078105947?
3, 29, 578701
What are the prime factors of 397272020?
2, 5, 263, 75527
List the prime factors of 13509497.
13509497
List the prime factors of 2488086614.
2, 13, 7361203
What are the prime factors of 1534171984?
2, 95885749
What are the prime factors of 233661337?
7, 13, 41, 62627
List the prime factors of 973553577.
3, 29, 79, 141649
List the prime factors of 26615071.
7, 23, 165311
List the prime factors of 82730046.
2, 3, 7, 41, 107, 449
List the prime factors of 314577928.
2, 7, 17, 330439
List the prime factors of 2911311996.
2, 3, 37, 337, 19457
List the prime factors of 348357429.
3, 7, 614387
What are the prime factors of 66717194?
2, 3313, 10069
What are the prime factors of 17952760?
2, 5, 7, 97, 661
What are the prime factors of 60798826?
2, 11, 2763583
List the prime factors of 5467896375.
3, 5, 23, 71, 8929
List the prime factors of 5030940840.
2, 3, 5, 19, 61, 593
List the prime factors of 67862240.
2, 5, 424139
What are the prime factors of 3243920706?
2, 3, 13, 83, 167023
List the prime factors of 21049321.
19, 53, 20903
List the prime factors of 2435245375.
5, 19481963
List the prime factors of 242211947.
242211947
List the prime factors of 25811577.
3, 11, 260723
What are the prime factors of 150396985?
5, 30079397
What are the prime factors of 733656331?
79, 103, 90163
What are the prime factors of 739382023?
31, 2477, 9629
List the prime factors of 1114222580.
2, 5, 23, 2422223
List the prime factors of 100539836.
2, 17, 149, 9923
List the prime factors of 747041974.
2, 7, 769, 69389
List the prime factors of 2160647548.
2, 19, 31, 917083
What are the prime factors of 4515190221?
3, 1505063407
What are the prime factors of 57113431?
57113431
What are the prime factors of 21275939?
271, 78509
List the prime factors of 4166938324.
2, 1041734581
What are the prime factors of 330679303?
23, 14377361
What are the prime factors of 3354461481?
3, 7, 4057, 39373
What are the prime factors of 115275432?
2, 3, 19, 43, 5879
What are the prime factors of 2433236700?
2, 3, 5, 23, 43, 59, 139
List the prime factors of 24775605.
3, 5, 183523
What are the prime factors of 3177067951?
3177067951
List the prime factors of 40487329.
1321, 30649
What are the prime factors of 1160031655?
5, 41, 79, 83, 863
What are the prime factors of 774722497?
774722497
What are the prime factors of 36159305?
5, 7, 13, 11353
List the prime factors of 28519546.
2, 11, 1296343
List the prime factors of 4791209350.
2, 5, 23, 1201, 3469
List the prime factors of 87775355.
5, 17555071
List the prime factors of 38153809.
2129, 17921
What are the prime factors of 6306548?
2, 443, 3559
List the prime factors of 7681282890.
2, 3, 5, 17, 631, 23869
List the prime factors of 590527775.
5, 127, 185993
List the prime factors of 127337474.
2, 11, 5788067
List the prime factors of 170205298.
2, 85102649
List the prime factors of 1896396210.
2, 3, 5, 593, 35533
List the prime factors of 116627103.
3, 1153, 11239
What are the prime factors of 26811406?
2, 13405703
What are the prime factors of 98774789?
983, 100483
What are the prime factors of 2032245609?
3, 37, 18308519
What are the prime factors of 39007161?
3, 127, 34127
List the prime factors of 125291105.
5, 17, 617, 2389
What are the prime factors of 585661004?
2, 146415251
List the prime factors of 2005101138.
2, 3, 2161, 154643
List the prime factors of 1939276567.
1747, 1110061
What are the prime factors of 69605158?
2, 7, 4971797
List the prime factors of 76278431.
43, 1773917
List the prime factors of 204529039.
11, 13, 269, 409
List the prime factors of 284045100.
2, 3, 5, 43, 97, 227
List the prime factors of 49493201.
49493201
What are the prime factors of 166942871?
166942871
What are the prime factors of 25514326?
2, 47, 271429
List the prime factors of 74000091.
3, 11, 203857
List the prime factors of 4112560904.
2, 389, 1321517
List the prime factors of 31943786.
2, 7, 325957
What are the prime factors of 418580995?
5, 7, 977, 12241
What are the prime factors of 83111031?
3, 31, 297889
What are the prime fa